or of a and 6475.
35
Let v be (-38 - -35)*(2 + -1) + 37. What is the highest common factor of 4063 and v?
17
Suppose 2*u = -829 + 273. Let b = u - -313. Calculate the highest common divisor of b and 14.
7
Let l be -7 - (2/((-2)/3625) + -8). Calculate the highest common divisor of 42 and l.
14
Suppose 2659 = 3*o - 5*h - 3177, 4*o - 2*h = 7772. What is the highest common divisor of 2 and o?
2
Let o = 7414 - 7302. What is the greatest common divisor of o and 3856?
16
Let o be (9 - -39) + 0/2. Suppose -19*y + 7*y + o = 0. Let t = 9 - 1. What is the greatest common factor of t and y?
4
Suppose -n = -13 - 7. Let b be 1/((-8)/(-4) + (-39)/n). What is the highest common divisor of b and 20?
20
Let g(h) = -h**2 + 70*h - 43. Let r be g(68). Calculate the highest common divisor of 27 and r.
3
Suppose 0 = -2*w - 234*o + 230*o + 72, -w + o + 12 = 0. What is the highest common factor of 25 and w?
5
Suppose 7*p - p = 174. Suppose 3*g - 4*k = 97, 0 = g + 25*k - 27*k - p. What is the highest common factor of 130 and g?
13
Suppose 60 = -3*f + 75, -2*f + 24 = l. What is the highest common factor of 4690 and l?
14
Let w(l) = -154*l - 1531. Let h be w(-14). What is the greatest common divisor of h and 100?
25
Let v be (10/(-2) - -5) + 3. Suppose -4*w = u - 43, -5*u = w + v*w - 199. Let o be 3 - (30/(-9))/(4/12). Calculate the greatest common divisor of u and o.
13
Let h = -1461 - -983. Let z = 483 + h. What is the highest common factor of z and 160?
5
Let c(x) = -104*x - 3108. Let p be c(-30). Calculate the greatest common factor of p and 534.
6
Let g = 33 + -508. Let l be 10/(-20) + g/(-10). Calculate the highest common divisor of l and 47.
47
Suppose 1133 = 52*q - 115. Let p(j) = -j + 7. Let z be p(7). Let n be 0*(-1 + z) + 16. What is the greatest common divisor of n and q?
8
Let a(b) = 16*b**2 - 4 + 17*b - 4*b**2 - 6*b**2. Let o be a(-4). What is the greatest common divisor of o and 32?
8
Suppose -5*y + y = -4*k - 10112, -3*k = -4*y + 10103. Calculate the greatest common divisor of y and 687.
229
Suppose 0 = -16*m - 12*m. Suppose -19*u - 27 + 293 = m. What is the greatest common factor of u and 329?
7
Let a(t) = -t**3 - 79*t**2 - 199*t + 190. Let i be a(-77). What is the highest common factor of i and 170?
85
Let z(d) = 7*d - 124. Let q be z(20). Suppose q*f - 1198 = 1922. What is the highest common factor of f and 60?
15
Suppose -2*c = -7*c + 15. Let d be c/2 + (-1118)/(-52). Calculate the highest common divisor of d and 184.
23
Let c be (-712)/7 + 2/(-7). Let d be (-1202)/7 + 24/14*(-186)/1116. Let t = c - d. Calculate the highest common divisor of 10 and t.
10
Let i be -11 + 22 + -10 + 65. Let y = -16 + 28. What is the highest common divisor of i and y?
6
Let w = 235 + -211. Let i be 2*w*(-3 + (-42)/(-8)). What is the highest common factor of 24 and i?
12
Suppose -230*a + 491551 = -27*a - 241685. What is the greatest common divisor of 336 and a?
84
Let h(x) = 4*x**2 + 25*x - 9. Let d be h(-13). Suppose d*l = 340*l + 330. Calculate the greatest common divisor of 33 and l.
33
Suppose 5870 = 20*q - 3637 - 1533. Calculate the highest common divisor of q and 3956.
92
Suppose 0 = 22*h - 9*h - 78. Suppose -h*t - 550 = -17*t. Calculate the highest common factor of t and 2.
2
Let y be (52 - 4)*(-45)/(135/(-4)). Let q be 577 - (0 + 1)*1. Calculate the highest common factor of y and q.
64
Let r(t) = t**2 + 26*t + 345. Let f be r(0). What is the greatest common divisor of 555 and f?
15
Let l(f) = -3*f**2 + 119*f + 232. Let w be l(27). What is the greatest common factor of 306 and w?
34
Suppose 5*n + 29 = 2*h + 2*h, n = -5*h. Suppose -10*m = -71 + h. Let j be 9/6*4/6. What is the greatest common factor of j and m?
1
Suppose 2*i = 2*n, 0 = -0*i + i - 4*n + 15. Suppose f - 53 = 2*p - 0*p, -3*p = -i*f + 300. Let b = 67 - f. What is the highest common divisor of 3 and b?
1
Let i = -32659 + 32978. Let h(c) = -c**2 - 15*c + 2. Let t be h(-7). What is the greatest common factor of i and t?
29
Suppose 60 = 2*f - h, 4*h - 39 = -4*f + 57. Let o = 77 - -63. Calculate the highest common divisor of f and o.
28
Let c be (-3954)/(-19 + (-525)/(-30)). Calculate the greatest common factor of c and 4.
4
Let o be (2/(-6))/((-5)/60). Suppose 0 = y - 0*y + q - 59, -o*y - 2*q + 238 = 0. Let c be (y/(-3))/(10/(-45)). What is the greatest common factor of c and 10?
10
Suppose -3*m + 5*i + 12644 = 0, -m - 4*i = -5812 + 1586. What is the highest common factor of 222 and m?
222
Suppose -21 = 23*x - 2*x. Let z be (-3 + (2 - 2))/x. What is the highest common divisor of 27 and z?
3
Let q be (-27)/15 - (-690062)/415. Calculate the greatest common factor of 11 and q.
11
Let v be -147*92/(-322)*((-4)/(-8) - -1). Let b = 23 - 14. What is the highest common divisor of v and b?
9
Suppose -10*n = -31 - 29. Let o(m) = 12*m + 24. Let r be o(n). Calculate the greatest common divisor of 30 and r.
6
Let l(x) = -34*x**2 + 168*x + 20. Let b be l(5). What is the highest common factor of 8870 and b?
10
Suppose 9*k - 10733 = -9113. Let l(n) = n**2 - 4*n. Let h be l(-6). Calculate the highest common factor of h and k.
60
Suppose -3215 + 2258 = -v. Suppose -21*x + 13*x + 264 = 0. Calculate the highest common divisor of v and x.
33
Let l be (-37 + 1020/36)/(1/(-9)). Let i = -18 - -30. Calculate the highest common divisor of i and l.
6
Let q(z) = -z**3 + 4*z**2 - z - 6. Let i be ((-60)/((-48)/8))/(-2). Let s be q(i). Calculate the greatest common factor of s and 7.
7
Suppose 3*r - t - 7 = 0, -5*t + 10 - 21 = -3*r. Calculate the greatest common divisor of 489 and r.
1
Suppose -578 = 194*v - 211*v. Let i(f) = 8*f**2 + 9*f + 10. Let y be i(5). Calculate the highest common divisor of v and y.
17
Suppose 0 = -14*s + 54 + 310. Let z = -20 + s. Calculate the greatest common divisor of 24 and z.
6
Suppose f = 5*f - 816. Let h = 380 + -385. Let i be ((-9)/h)/(-6 + 984/160). What is the highest common divisor of f and i?
12
Let b(r) be the first derivative of 10*r + 23/2*r**2 - 18. Let g be b(10). What is the highest common factor of g and 30?
30
Suppose -3*d + 7 - 1 = 4*v, -4*v = -2*d + 24. Suppose -d*q + 50 + 10 = 0. Let w = 2 - -13. What is the highest common divisor of w and q?
5
Suppose -j = 5*t - 224 - 274, -3*j - 206 = -2*t. Let n be 10 - (1 - (-1 + 5)). Suppose -163 = -n*u + 97. Calculate the highest common factor of t and u.
20
Let m = 224 + 63. Suppose 2*r - 186 = -2*i, -3*r + 2*i + 7 = -m. Calculate the highest common divisor of r and 36.
12
Suppose 8*q = 13*q + 20, -2*f + 8 = -2*q. Suppose -22*s + 14377 + 18227 = f. What is the highest common divisor of 39 and s?
39
Let z = 18648 - 792. What is the highest common divisor of 837 and z?
279
Let r = 59 + 136. Suppose -5*w + 4*v = -119, -349*v + 354*v + 100 = 3*w. Calculate the highest common divisor of w and r.
15
Let j = -8 + 12. Let a be ((-381)/(-9))/(4/(-6) + 1). Let o = a - 123. Calculate the highest common factor of j and o.
4
Suppose 3269 = 3*b - l, -2*b = -b + l - 1091. What is the greatest common factor of 70 and b?
10
Let u(t) = 25*t - 1. Let r be (1 - -1)*1 - 1. Let n be u(r). Let z = 41391 - 41387. Calculate the greatest common factor of z and n.
4
Let z(y) = -19*y - 2. Let a be z(-2). Suppose -372 = -86*r + 55*r. What is the highest common factor of r and a?
12
Let d(g) = -g + 22. Let x be d(-6). Suppose h + x = 4*r + 5*h, -5*r + 3*h + 11 = 0. Suppose -352 = r*b - 8*b. What is the greatest common divisor of b and 22?
22
Let h = -3122 + 3132. Calculate the greatest common factor of h and 290.
10
Suppose 3*f + 20*h - 35 = 19*h, 2*f - 5*h = 46. Let i be 3296/40 + 4/(-10). Let v = -56 + i. Calculate the greatest common divisor of v and f.
13
Let s(y) = 0*y - 7*y + 0 - 3*y - 20. Let v be s(-5). Let t be (-96)/10*v/(-9). What is the highest common factor of t and 160?
32
Let f = 5914 - 4692. What is the greatest common divisor of f and 182?
26
Suppose -152*l = -2296029 + 686045. What is the greatest common factor of 64 and l?
32
Let d(u) = -65 + 92 - 2*u**2 + 3*u**2 + 16*u. Let g be d(-14). Let a(o) = 13*o**2 + 2*o + 1. Let y be a(g). Calculate the greatest common divisor of 9 and y.
3
Let z = -328 - -838. Let j = -260 + 290. Calculate the highest common factor of j and z.
30
Suppose 2*n - 15*n = -1326. Suppose 45 - n = -3*v. What is the greatest common divis